{"id":83274,"date":"2020-08-05T21:25:25","date_gmt":"2020-08-05T19:25:25","guid":{"rendered":"http:\/\/localhost:8888\/BS%20Design%20Agentur\/?page_id=83274"},"modified":"2023-02-12T18:24:19","modified_gmt":"2023-02-12T17:24:19","slug":"disclaimer","status":"publish","type":"page","link":"https:\/\/bertsche-spiegel.de\/index.php\/disclaimer\/","title":{"rendered":"Disclaimer"},"content":{"rendered":"<section class=\"wpb-content-wrapper\"><p>[vc_row row_height_percent=&#8220;0&#8243; override_padding=&#8220;yes&#8220; h_padding=&#8220;2&#8243; top_padding=&#8220;2&#8243; bottom_padding=&#8220;0&#8243; overlay_alpha=&#8220;50&#8243; gutter_size=&#8220;3&#8243; column_width_percent=&#8220;100&#8243; shift_y=&#8220;0&#8243; z_index=&#8220;0&#8243; uncode_shortcode_id=&#8220;178251&#8243;][vc_column column_width_percent=&#8220;80&#8243; gutter_size=&#8220;0&#8243; overlay_alpha=&#8220;50&#8243; shift_x=&#8220;0&#8243; shift_y=&#8220;0&#8243; shift_y_down=&#8220;0&#8243; z_index=&#8220;0&#8243; medium_width=&#8220;0&#8243; mobile_width=&#8220;0&#8243; width=&#8220;1\/1&#8243; uncode_shortcode_id=&#8220;766256&#8243;][vc_empty_space empty_h=&#8220;1&#8243;][vc_empty_space empty_h=&#8220;1&#8243; mobile_visibility=&#8220;yes&#8220;][vc_custom_heading text_color=&#8220;color-jevc&#8220; heading_semantic=&#8220;h4&#8243; text_font=&#8220;font-202503&#8243; text_size=&#8220;h4&#8243; text_weight=&#8220;600&#8243; text_italic=&#8220;yes&#8220; sub_reduced=&#8220;yes&#8220; mobile_visibility=&#8220;yes&#8220; uncode_shortcode_id=&#8220;205327&#8243; text_color_type=&#8220;uncode-palette&#8220;]Get the[\/vc_custom_heading][vc_custom_heading text_color=&#8220;color-jevc&#8220; heading_semantic=&#8220;h4&#8243; text_font=&#8220;font-202503&#8243; text_size=&#8220;h5&#8243; text_weight=&#8220;600&#8243; text_italic=&#8220;yes&#8220; sub_reduced=&#8220;yes&#8220; desktop_visibility=&#8220;yes&#8220; medium_visibility=&#8220;yes&#8220; uncode_shortcode_id=&#8220;206159&#8243; text_color_type=&#8220;uncode-palette&#8220;]Get the[\/vc_custom_heading][\/vc_column][\/vc_row][vc_row row_height_percent=&#8220;0&#8243; override_padding=&#8220;yes&#8220; h_padding=&#8220;2&#8243; top_padding=&#8220;0&#8243; bottom_padding=&#8220;0&#8243; overlay_alpha=&#8220;50&#8243; gutter_size=&#8220;3&#8243; column_width_percent=&#8220;100&#8243; shift_y=&#8220;0&#8243; z_index=&#8220;0&#8243; uncode_shortcode_id=&#8220;153729&#8243;][vc_column column_width_percent=&#8220;80&#8243; gutter_size=&#8220;0&#8243; overlay_alpha=&#8220;50&#8243; shift_x=&#8220;0&#8243; shift_y=&#8220;0&#8243; shift_y_down=&#8220;0&#8243; z_index=&#8220;0&#8243; medium_width=&#8220;0&#8243; mobile_width=&#8220;0&#8243; width=&#8220;1\/1&#8243; uncode_shortcode_id=&#8220;174969&#8243;][vc_custom_heading text_color=&#8220;color-rgdb&#8220; heading_semantic=&#8220;h1&#8243; text_font=&#8220;font-244496&#8243; text_size=&#8220;h1&#8243; text_weight=&#8220;600&#8243; text_transform=&#8220;uppercase&#8220; text_space=&#8220;fontspace-781688&#8243; css_animation=&#8220;bottom-t-top&#8220; animation_speed=&#8220;500&#8243; uncode_shortcode_id=&#8220;462359&#8243; text_color_type=&#8220;uncode-palette&#8220;]Disclaimer[\/vc_custom_heading][vc_empty_space empty_h=&#8220;2&#8243; medium_visibility=&#8220;yes&#8220; mobile_visibility=&#8220;yes&#8220;][\/vc_column][\/vc_row][vc_row row_height_percent=&#8220;0&#8243; override_padding=&#8220;yes&#8220; h_padding=&#8220;2&#8243; top_padding=&#8220;0&#8243; bottom_padding=&#8220;2&#8243; overlay_alpha=&#8220;50&#8243; gutter_size=&#8220;3&#8243; column_width_percent=&#8220;100&#8243; shift_y=&#8220;0&#8243; z_index=&#8220;0&#8243; uncode_shortcode_id=&#8220;205918&#8243;][vc_column column_width_percent=&#8220;75&#8243; gutter_size=&#8220;3&#8243; override_padding=&#8220;yes&#8220; column_padding=&#8220;0&#8243; overlay_alpha=&#8220;50&#8243; shift_x=&#8220;0&#8243; shift_y=&#8220;0&#8243; shift_y_down=&#8220;0&#8243; z_index=&#8220;0&#8243; medium_width=&#8220;0&#8243; mobile_width=&#8220;0&#8243; css_animation=&#8220;bottom-t-top&#8220; animation_delay=&#8220;200&#8243; width=&#8220;5\/6&#8243; uncode_shortcode_id=&#8220;742762&#8243;][vc_custom_heading text_color=&#8220;color-uydo&#8220; heading_semantic=&#8220;h5&#8243; text_size=&#8220;h5&#8243; text_weight=&#8220;600&#8243; text_transform=&#8220;uppercase&#8220; sub_lead=&#8220;yes&#8220; sub_reduced=&#8220;yes&#8220; mobile_visibility=&#8220;yes&#8220; uncode_shortcode_id=&#8220;174036&#8243; text_color_type=&#8220;uncode-palette&#8220;]Also, alles was Recht ist![\/vc_custom_heading][vc_custom_heading text_color=&#8220;color-uydo&#8220; heading_semantic=&#8220;h5&#8243; text_size=&#8220;h6&#8243; text_weight=&#8220;600&#8243; text_transform=&#8220;uppercase&#8220; sub_lead=&#8220;yes&#8220; sub_reduced=&#8220;yes&#8220; desktop_visibility=&#8220;yes&#8220; medium_visibility=&#8220;yes&#8220; uncode_shortcode_id=&#8220;772360&#8243; text_color_type=&#8220;uncode-palette&#8220;]Also, alles was Recht ist![\/vc_custom_heading][vc_column_text text_lead=&#8220;small&#8220; text_color=&#8220;color-jevc&#8220; uncode_shortcode_id=&#8220;188058&#8243; text_color_type=&#8220;uncode-palette&#8220;]<\/p>\n<div class=\"section__column section__column--large-narrow\"><strong>Urheberrecht<br \/>\n<\/strong>Texte, Bilder, Grafiken, Ton, Animationen und Videos sowie deren Anordnung auf unseren Internetseiten sind durch das Urheberrecht und andere Gesetze gesch\u00fctzt. Mit Ausnahme von uns angebotener Downloads und der Vervielf\u00e4ltigung ausschlie\u00dflich zu Privatzwecken verst\u00f6\u00dft die Verwendung dieser Inhalte (insbesondere die Vervielf\u00e4ltigung, \u00f6ffentliche Zug\u00e4nglichmachung, Bearbeitung), auch auszugsweise, ohne unsere vorherige schriftliche Zustimmung gegen die einschl\u00e4gigen rechtlichen Bestimmungen und kann zivil- und strafrechtliche Folgen nach sich ziehen. Dies gilt unter anderem auch f\u00fcr Arbeitsbeispiele mit entsprechend gesch\u00fctzten Inhalten.<\/div>\n<div class=\"section__column section__column--large-narrow\"><strong><br \/>\nHaftungsausschluss, Haftung f\u00fcr Links<br \/>\n<\/strong>Auf unseren Webseiten sind Links auf fremde Seiten enthalten. Wir machen uns den Inhalt dieser Seiten nicht zu Eigen. Sind Sie der Ansicht, dass Inhalte auf diesen Seiten rechtswidrig sind, bitten wir Sie um Mitteilung an <a class=\"link--inline\" href=\"mailto:mail@bertsche-spiegel.de\">mail@bertsche-spiegel<\/a>.<\/div>\n<div><\/div>\n<div class=\"section__column section__column--large-narrow\"><strong><br \/>\nDatenschutz<br \/>\n<\/strong>Auf unseren Seiten wird das Statistic-Tool Google Analytics eingesetzt, das zus\u00e4tzlich Ihre Navigation auf der Website und die folgenden technischen Informationen aufzeichnet, die automatisch von Ihrem Browser \u00fcbermittelt werden. Die Verf\u00fcgbarkeit von Java-Script, Java, Flash, die Bildaufl\u00f6sung, die Browserversion, das Betriebssystem, die L\u00e4nge des Besuchs, ob Sie ein wiederkehrender Benutzer sind, Ihre geographische Herkunft sowie die Internet-Protokoll-Adresse (IP-Adresse). Alle auf diese Weise gesammelten Daten werden nicht einzelnen Nutzern zugeordnet. Die gespeicherten Daten werden ausschlie\u00dflich zu statistischen Zwecken ausgewertet. Sie k\u00f6nnen dieser Aufzeichnung jederzeit durch eine einfache Mitteilung an uns widersprechen. Wir sind vertraglich verpflichtet, Sie zus\u00e4tzlich auf die Datenschutzbestimmungen von Google Analytics <a class=\"link--inline\" href=\"https:\/\/www.strichpunkt-design.de\/de\/www.google.com\/analytics\/terms\/de.html\" target=\"\" rel=\"noopener noreferrer\">www.google.com\/analytics\/terms\/de.html <\/a>hinzuweisen.<\/div>\n<p>[\/vc_column_text][vc_empty_space empty_h=&#8220;2&#8243; mobile_visibility=&#8220;yes&#8220;][\/vc_column][\/vc_row]<\/p>\n<\/section>","protected":false},"excerpt":{"rendered":"<p>People going crazy over the grid metro style.<\/p>\n","protected":false},"author":1,"featured_media":0,"parent":0,"menu_order":0,"comment_status":"open","ping_status":"closed","template":"","meta":[],"_links":{"self":[{"href":"https:\/\/bertsche-spiegel.de\/index.php\/wp-json\/wp\/v2\/pages\/83274"}],"collection":[{"href":"https:\/\/bertsche-spiegel.de\/index.php\/wp-json\/wp\/v2\/pages"}],"about":[{"href":"https:\/\/bertsche-spiegel.de\/index.php\/wp-json\/wp\/v2\/types\/page"}],"author":[{"embeddable":true,"href":"https:\/\/bertsche-spiegel.de\/index.php\/wp-json\/wp\/v2\/users\/1"}],"replies":[{"embeddable":true,"href":"https:\/\/bertsche-spiegel.de\/index.php\/wp-json\/wp\/v2\/comments?post=83274"}],"version-history":[{"count":19,"href":"https:\/\/bertsche-spiegel.de\/index.php\/wp-json\/wp\/v2\/pages\/83274\/revisions"}],"predecessor-version":[{"id":119022,"href":"https:\/\/bertsche-spiegel.de\/index.php\/wp-json\/wp\/v2\/pages\/83274\/revisions\/119022"}],"wp:attachment":[{"href":"https:\/\/bertsche-spiegel.de\/index.php\/wp-json\/wp\/v2\/media?parent=83274"}],"curies":[{"name":"wp","href":"https:\/\/api.w.org\/{rel}","templated":true}]}}